27
List the prime factors of 1210.
2, 5, 11
What are the prime factors of 1543?
1543
List the prime factors of 247.
13, 19
List the prime factors of 58162.
2, 13, 2237
What are the prime factors of 1612?
2, 13, 31
What are the prime factors of 3704?
2, 463
List the prime factors of 2198.
2, 7, 157
What are the prime factors of 2643?
3, 881
List the prime factors of 875.
5, 7
What are the prime factors of 1192?
2, 149
List the prime factors of 25359.
3, 79, 107
List the prime factors of 20303.
79, 257
List the prime factors of 54689.
17, 3217
List the prime factors of 37793.
7, 5399
List the prime factors of 2.
2
List the prime factors of 3328.
2, 13
What are the prime factors of 1800?
2, 3, 5
List the prime factors of 41035.
5, 29, 283
What are the prime factors of 2317?
7, 331
What are the prime factors of 7897?
53, 149
List the prime factors of 1008.
2, 3, 7
What are the prime factors of 2947?
7, 421
What are the prime factors of 23252?
2, 5813
List the prime factors of 1374.
2, 3, 229
List the prime factors of 106245.
3, 5, 787
List the prime factors of 67.
67
List the prime factors of 10817.
29, 373
List the prime factors of 1072.
2, 67
List the prime factors of 29868.
2, 3, 19, 131
What are the prime factors of 20684?
2, 5171
List the prime factors of 262.
2, 131
List the prime factors of 19292.
2, 7, 13, 53
What are the prime factors of 156?
2, 3, 13
List the prime factors of 4671.
3, 173
List the prime factors of 7455.
3, 5, 7, 71
What are the prime factors of 161708?
2, 40427
List the prime factors of 11047.
11047
List the prime factors of 14232.
2, 3, 593
List the prime factors of 33297.
3, 11, 1009
List the prime factors of 1925.
5, 7, 11
List the prime factors of 24598.
2, 7, 251
List the prime factors of 18208.
2, 569
What are the prime factors of 109368?
2, 3, 7, 31
What are the prime factors of 4009?
19, 211
What are the prime factors of 173?
173
List the prime factors of 101307.
3, 33769
What are the prime factors of 2554?
2, 1277
List the prime factors of 107.
107
List the prime factors of 440.
2, 5, 11
What are the prime factors of 100?
2, 5
What are the prime factors of 1890?
2, 3, 5, 7
List the prime factors of 53061.
3, 23, 769
What are the prime factors of 39504?
2, 3, 823
List the prime factors of 83.
83
What are the prime factors of 11832?
2, 3, 17, 29
List the prime factors of 171377.
17, 593
List the prime factors of 2065.
5, 7, 59
List the prime factors of 59131.
29, 2039
What are the prime factors of 44646?
2, 3, 7, 1063
What are the prime factors of 1751?
17, 103
What are the prime factors of 270?
2, 3, 5
List the prime factors of 1752.
2, 3, 73
What are the prime factors of 34743?
3, 37, 313
What are the prime factors of 600?
2, 3, 5
What are the prime factors of 4518?
2, 3, 251
What are the prime factors of 9456?
2, 3, 197
List the prime factors of 81238.
2, 151, 269
List the prime factors of 2642.
2, 1321
List the prime factors of 1064.
2, 7, 19
What are the prime factors of 144?
2, 3
List the prime factors of 4728.
2, 3, 197
List the prime factors of 5295.
3, 5, 353
What are the prime factors of 18011?
7, 31, 83
What are the prime factors of 25335?
3, 5, 563
List the prime factors of 6238.
2, 3119
List the prime factors of 44027.
44027
What are the prime factors of 425?
5, 17
List the prime factors of 20435.
5, 61, 67
List the prime factors of 1018.
2, 509
List the prime factors of 3280.
2, 5, 41
List the prime factors of 20315.
5, 17, 239
What are the prime factors of 8904?
2, 3, 7, 53
List the prime factors of 28633.
11, 19, 137
What are the prime factors of 573?
3, 191
What are the prime factors of 5366?
2, 2683
What are the prime factors of 839?
839
What are the prime factors of 3175?
5, 127
What are the prime factors of 6344?
2, 13, 61
List the prime factors of 22492.
2, 5623
What are the prime factors of 1758?
2, 3, 293
List the prime factors of 126258.
2, 3, 11, 1913
List the prime factors of 109714.
2, 11, 4987
List the prime factors of 26321.
26321
List the prime factors of 34993.
7, 4999
List the prime factors of 19822.
2, 11, 17, 53
List the prime factors of 446.
2, 223
What are the prime factors of 45256?
2, 5657
What are the prime factors of 49457?
19, 137
List the prime factors of 70004.
2, 11, 37, 43
What are the prime factors of 2086?
2, 7, 149
What are the prime factors of 2120?
2, 5, 53
List the prime factors of 1470.
2, 3, 5, 7
What are the prime factors of 928?
2, 29
What are the prime factors of 1144?
2, 11, 13
List the prime factors of 873.
3, 97
What are the prime factors of 861?
3, 7, 41
What are the prime factors of 100962?
2, 3, 71, 79
What are the prime factors of 382?
2, 191
What are the prime factors of 190490?
2, 5, 43, 443
What are the prime factors of 5312?
2, 83
List the prime factors of 53681.
53681
What are the prime factors of 9653?
7, 197
List the prime factors of 30236.
2, 7559
What are the prime factors of 11000?
2, 5, 11
What are the prime factors of 11154?
2, 3, 11, 13
What are the prime factors of 502?
2, 251
List the prime factors of 707.
7, 101
What are the prime factors of 53017?
53017
List the prime factors of 36481.
191
List the prime factors of 16313.
11, 1483
List the prime factors of 9206.
2, 4603
What are the prime factors of 636?
2, 3, 53
What are the prime factors of 44209?
11, 4019
List the prime factors of 14873.
107, 139
List the prime factors of 1444.
2, 19
List the prime factors of 6195.
3, 5, 7, 59
What are the prime factors of 70777?
7, 10111
List the prime factors of 25238.
2, 12619
List the prime factors of 26942.
2, 19, 709
List the prime factors of 5870.
2, 5, 587
List the prime factors of 32293.
43, 751
What are the prime factors of 199?
199
What are the prime factors of 136420?
2, 5, 19, 359
What are the prime factors of 12179?
19, 641
What are the prime factors of 171173?
17, 10069
What are the prime factors of 1174?
2, 587
List the prime factors of 3759.
3, 7, 179
What are the prime factors of 12037?
12037
What are the prime factors of 7756?
2, 7, 277
List the prime factors of 7231.
7, 1033
What are the prime factors of 9243?
3, 13, 79
What are the prime factors of 36196?
2, 9049
What are the prime factors of 5665?
5, 11, 103
What are the prime factors of 53395?
5, 59, 181
List the prime factors of 1446.
2, 3, 241
What are the prime factors of 7110?
2, 3, 5, 79
List the prime factors of 336.
2, 3, 7
What are the prime factors of 471?
3, 157
What are the prime factors of 541?
541
What are the prime factors of 5704?
2, 23, 31
List the prime factors of 128626.
2, 73, 881
What are the prime factors of 30449?
30449
List the prime factors of 4983.
3, 11, 151
List the prime factors of 2295.
3, 5, 17
List the prime factors of 15044.
2, 3761
What are the prime factors of 1480?
2, 5, 37
List the prime factors of 140656.
2, 59, 149
What are the prime factors of 205?
5, 41
What are the prime factors of 542?
2, 271
What are the prime factors of 13382?
2, 6691
List the prime factors of 1240.
2, 5, 31
What are the prime factors of 14128?
2, 883
List the prime factors of 1104.
2, 3, 23
What are the prime factors of 6494?
2, 17, 191
What are the prime factors of 73760?
2, 5, 461
List the prime factors of 10536.
2, 3, 439
What are the prime factors of 269?
269
What are the prime factors of 1980?
2, 3, 5, 11
List the prime factors of 11295.
3, 5, 251
What are the prime factors of 19957?
7, 2851
What are the prime factors of 4929?
3, 31, 53
List the prime factors of 20366.
2, 17, 599
What are the prime factors of 286?
2, 11, 13
What are the prime factors of 26539?
26539
What are the prime factors of 11802?
2, 3, 7, 281
List the prime factors of 46248.
2, 3, 41, 47
What are the prime factors of 13843?
109, 127
List the prime factors of 11067.
3, 7, 17, 31
What are the prime factors of 1428?
2, 3, 7, 17
List the prime factors of 1212.
2, 3, 101
What are the prime factors of 17635?
5, 3527
What are the prime factors of 2065?
5, 7, 59
What are the prime factors of 28450?
2, 5, 569
What are the prime factors of 2264?
2, 283
List the prime factors of 128922.
2, 3, 21487
What are the prime factors of 110115?
3, 5, 2447
List the prime factors of 25712.
2, 1607
List the prime factors of 169.
13
What are the prime factors of 2802?
2, 3, 467
What are the prime factors of